7856.
8
Calculate the highest common factor of 72333 and 243.
81
Calculate the highest common divisor of 51876 and 792.
396
What is the greatest common divisor of 152782 and 98?
98
What is the highest common divisor of 551642 and 1456?
182
What is the highest common factor of 64287 and 18?
9
What is the highest common divisor of 40546 and 14453?
97
Calculate the highest common divisor of 532 and 2912.
28
Calculate the greatest common factor of 1960 and 360.
40
What is the highest common divisor of 585 and 1625?
65
What is the greatest common divisor of 166391 and 454?
227
What is the greatest common factor of 169 and 5200?
13
What is the greatest common factor of 257290 and 110?
110
What is the highest common factor of 238 and 43456?
14
What is the highest common factor of 12445 and 3800?
95
Calculate the highest common divisor of 9 and 228117.
3
What is the greatest common factor of 3348 and 823329?
279
Calculate the highest common divisor of 1138467 and 143.
11
Calculate the greatest common factor of 874416 and 32.
16
Calculate the highest common factor of 8671 and 403535.
667
What is the highest common factor of 4000 and 630?
10
Calculate the greatest common divisor of 71308 and 4.
4
What is the greatest common factor of 20 and 859780?
20
What is the highest common factor of 928 and 31456?
32
What is the highest common factor of 1899 and 36503?
211
Calculate the highest common factor of 96721 and 5909.
311
What is the highest common factor of 118 and 61714?
118
Calculate the greatest common factor of 161 and 224.
7
What is the highest common divisor of 370864 and 208?
208
Calculate the highest common factor of 2822 and 65858.
34
What is the greatest common divisor of 124 and 59582?
62
Calculate the highest common divisor of 3404811 and 34.
17
Calculate the greatest common divisor of 6975 and 2511.
279
Calculate the greatest common factor of 4510 and 13940.
410
Calculate the greatest common factor of 58 and 321291.
29
Calculate the greatest common divisor of 1197 and 1575.
63
What is the highest common factor of 239327 and 11?
11
What is the highest common factor of 7970 and 100?
10
Calculate the highest common factor of 199364 and 506.
506
Calculate the greatest common factor of 33026 and 1960.
98
What is the greatest common divisor of 22510 and 370?
10
Calculate the highest common factor of 236 and 60829.
59
Calculate the highest common factor of 1962 and 12762.
18
Calculate the highest common divisor of 2808 and 7592.
104
Calculate the greatest common divisor of 1032 and 2900264.
344
What is the greatest common divisor of 90 and 46290?
30
What is the greatest common divisor of 960 and 18688?
64
What is the highest common factor of 47 and 732025?
47
What is the highest common factor of 45 and 1792755?
45
What is the highest common divisor of 170829 and 621?
27
Calculate the highest common divisor of 182448 and 4887.
1629
Calculate the highest common divisor of 352 and 12716.
44
What is the greatest common factor of 18902 and 5174?
26
What is the highest common divisor of 750 and 22400?
50
Calculate the greatest common factor of 59970 and 30.
30
What is the greatest common divisor of 275 and 414865?
55
What is the greatest common factor of 6 and 843441?
3
Calculate the greatest common factor of 92 and 14283.
23
Calculate the greatest common divisor of 1819 and 535.
107
Calculate the highest common factor of 120048 and 4592.
656
Calculate the highest common divisor of 166250 and 5985.
665
Calculate the highest common factor of 744 and 2198706.
186
Calculate the greatest common divisor of 64688 and 572.
52
What is the greatest common divisor of 636 and 24009?
159
Calculate the highest common divisor of 24413 and 2.
1
What is the greatest common divisor of 71557 and 815?
163
Calculate the highest common factor of 322130 and 50.
10
Calculate the greatest common divisor of 322 and 450317.
161
Calculate the greatest common divisor of 3344 and 91656.
152
Calculate the highest common factor of 7955 and 4450027.
1591
What is the highest common factor of 787339 and 1642?
821
What is the greatest common divisor of 40 and 3802920?
40
What is the highest common factor of 605395 and 98?
49
What is the greatest common divisor of 11312072 and 272?
136
What is the highest common factor of 12 and 177?
3
What is the highest common factor of 518 and 5222?
14
What is the greatest common divisor of 4290 and 14850?
330
Calculate the greatest common divisor of 16 and 102320.
16
What is the greatest common divisor of 1624 and 3752?
56
Calculate the highest common factor of 672049 and 133.
133
What is the greatest common factor of 13 and 105638?
13
Calculate the highest common divisor of 36 and 17883.
9
What is the greatest common factor of 2684 and 79788?
244
What is the greatest common divisor of 48 and 7536?
48
Calculate the greatest common factor of 275 and 25.
25
Calculate the greatest common factor of 38627 and 45847.
361
What is the highest common factor of 24 and 1210584?
24
Calculate the highest common factor of 80 and 392940.
20
What is the highest common factor of 26483 and 2611?
373
What is the highest common factor of 2296 and 939351?
287
What is the greatest common divisor of 40 and 29470?
10
What is the greatest common factor of 49576 and 72?
8
Calculate the greatest common factor of 70101 and 99.
9
What is the greatest common factor of 18 and 5379?
3
What is the greatest common divisor of 26563 and 101?
101
What is the greatest common factor of 205337 and 2783?
121
Calculate the highest common factor of 13065994 and 542.
542
What is the greatest common factor of 166 and 320048?
166
Calculate the greatest common factor of 868 and 272244.
28
What is the highest common factor of 60079 and 33799?
73
Calculate the greatest common factor of 2141390 and 30.
10
What is the greatest common divisor of 16352 and 896?
224
What is the highest common factor of 4811 and 408?
17
Calculate the greatest common divisor of 255108 and 14.
14
What is the greatest common divisor of 76791 and 1716?
429
Calculate the highest common factor of 1899 and 15021.
9
Calculate the highest common factor of 50524 and 68.
68
Calculate the highest common divisor of 85 and 1717.
17
What is the greatest common divisor of 5 and 296480?
5
Calculate the highest common divisor of 726752 and 32.
32
What is the greatest common factor of 6768 and 664?
8
Calculate the highest common factor of 39731 and 5337.
593
Calculate the highest common factor of 434 and 39122.
62
Calculate the highest common divisor of 10 and 475010.
10
What is the greatest common divisor of 148 and 37703?
37
Calculate the greatest common divisor of 735 and 334365.
15
Calculate the greatest common factor of 171876 and 12.
12
What is the greatest common factor of 3920 and 1280?
80
Calculate the highest common divisor of 7507761 and 51.
51
What is the greatest common divisor of 702 and 5400?
54
What is the highest common divisor of 975 and 1901575?
325
Calculate the highest common factor of 4199 and 442.
221
Calculate the greatest common divisor of 92 and 148534.
46
Calculate the highest common factor of 748 and 180356.
44
What is the highest common factor of 214 and 363158?
214
What is the greatest common factor of 2736 and 1917?
9
Calculate the greatest common factor of 47 and 680513.
47
Calculate the highest common divisor of 916 and 255793.
229
Calculate the greatest common divisor of 1332 and 4013316.
1332
Calculate the greatest common divisor of 1122 and 1947.
33
Calculate the greatest common factor of 314020 and 140.
140
What is the greatest common factor of 767777 and 124?
31
Calculate the highest common factor of 4800905 and 1149.
383
What is the greatest common factor of 65786 and 508?
254
Calculate the highest common divisor of 177732 and 36.
36
What is the greatest common divisor of 480 and 7117440?
480
What is the highest common divisor of 15609 and 387?
129
What is the highest common divisor of 14675 and 175?
25
Calculate the highest common divisor of 414 and 35622.
18
Calculate the highest common divisor of 250 and 18650.
50
What is the highest common factor of 85 and 297823?
17
Calculate the highest common factor of 96 and 96.
96
Calculate the greatest common factor of 15130 and 11594.
34
What is the great